, 29
List the prime factors of 853.
853
What are the prime factors of 1442?
2, 7, 103
List the prime factors of 12086.
2, 6043
List the prime factors of 563.
563
List the prime factors of 71411.
71411
List the prime factors of 1348.
2, 337
List the prime factors of 54835.
5, 11, 997
List the prime factors of 86323.
86323
List the prime factors of 30556.
2, 7639
What are the prime factors of 904?
2, 113
What are the prime factors of 25929?
3, 43, 67
What are the prime factors of 1601?
1601
What are the prime factors of 595?
5, 7, 17
What are the prime factors of 6655?
5, 11
List the prime factors of 356.
2, 89
List the prime factors of 13259.
13259
List the prime factors of 766.
2, 383
List the prime factors of 99186.
2, 3, 61, 271
List the prime factors of 795.
3, 5, 53
What are the prime factors of 3229?
3229
What are the prime factors of 137675?
5, 5507
List the prime factors of 4941.
3, 61
List the prime factors of 1712.
2, 107
What are the prime factors of 73074?
2, 3, 19, 641
What are the prime factors of 6333?
3, 2111
What are the prime factors of 2039?
2039
List the prime factors of 1373.
1373
What are the prime factors of 20334?
2, 3, 3389
List the prime factors of 80495.
5, 17, 947
What are the prime factors of 605?
5, 11
What are the prime factors of 2298?
2, 3, 383
List the prime factors of 166159.
7, 3391
What are the prime factors of 152700?
2, 3, 5, 509
List the prime factors of 1521.
3, 13
List the prime factors of 6917.
6917
What are the prime factors of 693?
3, 7, 11
List the prime factors of 28653.
3, 9551
What are the prime factors of 4895?
5, 11, 89
List the prime factors of 983.
983
List the prime factors of 2605.
5, 521
What are the prime factors of 607?
607
List the prime factors of 7992.
2, 3, 37
List the prime factors of 5425.
5, 7, 31
What are the prime factors of 20895?
3, 5, 7, 199
List the prime factors of 4872.
2, 3, 7, 29
List the prime factors of 86302.
2, 43151
What are the prime factors of 840?
2, 3, 5, 7
List the prime factors of 9632.
2, 7, 43
What are the prime factors of 36307?
36307
What are the prime factors of 17255?
5, 7, 17, 29
List the prime factors of 4404.
2, 3, 367
List the prime factors of 31507.
7, 643
What are the prime factors of 11020?
2, 5, 19, 29
What are the prime factors of 486?
2, 3
List the prime factors of 186467.
263, 709
List the prime factors of 2665.
5, 13, 41
What are the prime factors of 39172?
2, 7, 1399
What are the prime factors of 34050?
2, 3, 5, 227
List the prime factors of 2871.
3, 11, 29
What are the prime factors of 598?
2, 13, 23
What are the prime factors of 39617?
173, 229
What are the prime factors of 253?
11, 23
List the prime factors of 9870.
2, 3, 5, 7, 47
List the prime factors of 4192.
2, 131
List the prime factors of 829.
829
List the prime factors of 27910.
2, 5, 2791
What are the prime factors of 10758?
2, 3, 11, 163
List the prime factors of 40069.
17, 2357
What are the prime factors of 43454?
2, 21727
List the prime factors of 912.
2, 3, 19
What are the prime factors of 8291?
8291
What are the prime factors of 4943?
4943
List the prime factors of 359.
359
List the prime factors of 35387.
11, 3217
What are the prime factors of 23950?
2, 5, 479
What are the prime factors of 2011?
2011
List the prime factors of 13377.
3, 7, 13
What are the prime factors of 29585?
5, 61, 97
What are the prime factors of 33504?
2, 3, 349
List the prime factors of 4215.
3, 5, 281
List the prime factors of 983.
983
What are the prime factors of 7129?
7129
List the prime factors of 2594.
2, 1297
List the prime factors of 6420.
2, 3, 5, 107
What are the prime factors of 42986?
2, 21493
List the prime factors of 161.
7, 23
List the prime factors of 539.
7, 11
What are the prime factors of 2072?
2, 7, 37
What are the prime factors of 778?
2, 389
List the prime factors of 17053.
17053
What are the prime factors of 13601?
7, 29, 67
What are the prime factors of 42226?
2, 43, 491
What are the prime factors of 477?
3, 53
What are the prime factors of 3237?
3, 13, 83
List the prime factors of 21832.
2, 2729
What are the prime factors of 17491?
17491
List the prime factors of 1405.
5, 281
List the prime factors of 753.
3, 251
List the prime factors of 48600.
2, 3, 5
List the prime factors of 3800.
2, 5, 19
What are the prime factors of 826?
2, 7, 59
What are the prime factors of 5692?
2, 1423
List the prime factors of 5661.
3, 17, 37
What are the prime factors of 654?
2, 3, 109
What are the prime factors of 901?
17, 53
What are the prime factors of 1214?
2, 607
List the prime factors of 1404.
2, 3, 13
List the prime factors of 128820.
2, 3, 5, 19, 113
What are the prime factors of 28796?
2, 23, 313
List the prime factors of 6293.
7, 29, 31
List the prime factors of 3343.
3343
List the prime factors of 3931.
3931
List the prime factors of 3410.
2, 5, 11, 31
List the prime factors of 256.
2
List the prime factors of 36187.
36187
List the prime factors of 6690.
2, 3, 5, 223
What are the prime factors of 1483?
1483
What are the prime factors of 3783?
3, 13, 97
What are the prime factors of 93829?
101, 929
What are the prime factors of 9844?
2, 23, 107
List the prime factors of 1975.
5, 79
List the prime factors of 15837.
3, 5279
List the prime factors of 1504.
2, 47
List the prime factors of 1334.
2, 23, 29
List the prime factors of 24296.
2, 3037
List the prime factors of 782.
2, 17, 23
List the prime factors of 89930.
2, 5, 17, 23
List the prime factors of 55394.
2, 27697
What are the prime factors of 19513?
13, 19, 79
What are the prime factors of 2412?
2, 3, 67
List the prime factors of 896.
2, 7
List the prime factors of 546.
2, 3, 7, 13
What are the prime factors of 1113?
3, 7, 53
What are the prime factors of 910?
2, 5, 7, 13
What are the prime factors of 644?
2, 7, 23
List the prime factors of 29622.
2, 3, 4937
List the prime factors of 1062.
2, 3, 59
List the prime factors of 34343.
61, 563
List the prime factors of 102.
2, 3, 17
What are the prime factors of 1050?
2, 3, 5, 7
List the prime factors of 96989.
96989
List the prime factors of 84194.
2, 11, 43, 89
What are the prime factors of 2873?
13, 17
What are the prime factors of 15946?
2, 7, 17, 67
What are the prime factors of 23813?
23813
What are the prime factors of 1901?
1901
List the prime factors of 15583.
15583
List the prime factors of 604.
2, 151
List the prime factors of 48319.
211, 229
What are the prime factors of 60380?
2, 5, 3019
What are the prime factors of 5841?
3, 11, 59
List the prime factors of 13828.
2, 3457
What are the prime factors of 16263?
3, 13, 139
List the prime factors of 7177.
7177
What are the prime factors of 12051?
3, 13, 103
What are the prime factors of 1200?
2, 3, 5
List the prime factors of 108090.
2, 3, 5, 1201
What are the prime factors of 8346?
2, 3, 13, 107
What are the prime factors of 50098?
2, 37, 677
List the prime factors of 2609.
2609
List the prime factors of 1095.
3, 5, 73
What are the prime factors of 15020?
2, 5, 751
List the prime factors of 68357.
17, 4021
List the prime factors of 24676.
2, 31, 199
List the prime factors of 3885.
3, 5, 7, 37
List the prime factors of 708.
2, 3, 59
What are the prime factors of 4905?
3, 5, 109
What are the prime factors of 24466?
2, 13, 941
What are the prime factors of 16882?
2, 23, 367
List the prime factors of 120014.
2, 23, 2609
List the prime factors of 1697.
1697
What are the prime factors of 375?
3, 5
List the prime factors of 1028.
2, 257
List the prime factors of 1840.
2, 5, 23
What are the prime factors of 2051?
7, 293
What are the prime factors of 18634?
2, 7, 11
What are the prime factors of 75579?
3, 7, 59, 61
What are the prime factors of 2173?
41, 53
What are the prime factors of 11903?
11903
What are the prime factors of 1121?
19, 59
What are the prime factors of 154230?
2, 3, 5, 53, 97
What are the prime factors of 911?
911
What are the prime factors of 6921?
3, 769
What are the prime factors of 1771?
7, 11, 23
What are the prime factors of 5736?
2, 3, 239
What are the prime factors of 79629?
3, 11, 19, 127
What are the prime factors of 17092?
2, 4273
List the prime factors of 43509.
3, 14503
What are the prime factors of 8634?
2, 3, 1439
List the prime factors of 4128.
2, 3, 43
What are the prime factors of 10632?
2, 3, 44